
True
Is 21858611 a multiple of 2?
False
Is 414 a factor of 30018757?
False
Is 23 a factor of 52828125?
True
Is 17987016 a multiple of 2866?
True
Is 2581817673 a multiple of 16?
False
Is 3211596359 a multiple of 17?
False
Does 370 divide 435790263?
False
Is 7482 a factor of 2228610966?
True
Is 544 a factor of 1789436320?
True
Is 44455067 a multiple of 176?
False
Is 6262013 a multiple of 73?
True
Does 62 divide 358758102?
True
Is 835680157 a multiple of 217?
False
Does 63 divide 210841281?
True
Is 47422645 a multiple of 18?
False
Is 48 a factor of 32200752?
True
Is 10 a factor of 229067677?
False
Is 8 a factor of 1136001?
False
Is 19 a factor of 174465119?
False
Does 76 divide 7161784?
True
Does 20 divide 24003158?
False
Is 16 a factor of 349802864?
True
Does 102 divide 104568536?
False
Is 80755411 a multiple of 520?
False
Does 41 divide 13173632?
False
Is 7018164 a multiple of 18?
True
Is 52003437 a multiple of 19?
True
Does 60 divide 5809006?
False
Does 67 divide 103393366?
False
Is 535053615 a multiple of 20?
False
Does 200 divide 250253600?
True
Does 32 divide 564613787?
False
Is 997 a factor of 96451774?
True
Does 902 divide 364234248?
False
Is 7957 a factor of 2269518801?
False
Is 871334631 a multiple of 27?
True
Does 192 divide 183230208?
True
Is 1155217508 a multiple of 1828?
False
Does 114 divide 7559796?
True
Is 348188078 a multiple of 230?
False
Is 102560677 a multiple of 766?
False
Does 2 divide 82174649?
False
Is 1206880962 a multiple of 1085?
False
Is 1473 a factor of 44720752?
False
Is 144105354 a multiple of 9?
True
Does 15 divide 1632005865?
True
Is 189 a factor of 22752387?
True
Is 1001 a factor of 1201507307?
True
Is 585999872 a multiple of 172?
True
Is 9 a factor of 1055808606?
False
Is 33055198 a multiple of 22?
True
Is 80895384 a multiple of 1462?
True
Is 2 a factor of 72070072?
True
Does 148 divide 34491171?
False
Is 1705 a factor of 248795305?
True
Is 35277886 a multiple of 159?
False
Is 68 a factor of 228300446?
False
Does 97 divide 1249409602?
False
Is 66884388 a multiple of 5?
False
Is 227640063 a multiple of 771?
True
Does 98 divide 22398782?
True
Is 562938625 a multiple of 1882?
False
Is 366 a factor of 272987688?
True
Is 1044790309 a multiple of 149?
False
Does 237 divide 598790669?
False
Does 6 divide 2515639899?
False
Does 21 divide 210457863?
True
Is 18 a factor of 34275538?
False
Does 2416 divide 14916149?
False
Is 89 a factor of 416608718?
False
Is 55 a factor of 18588?
False
Is 14 a factor of 5764892?
True
Does 253 divide 97494578?
False
Does 156 divide 4818265?
False
Is 114 a factor of 43602248?
False
Is 8 a factor of 73780538?
False
Is 92 a factor of 27606808?
True
Does 6 divide 22753584?
True
Is 1595399505 a multiple of 12?
False
Does 3 divide 4446240?
True
Does 129 divide 16666162?
False
Is 497658000 a multiple of 15?
True
Is 619097300 a multiple of 78?
False
Does 1834 divide 35835249?
False
Is 53 a factor of 136560118?
True
Does 7 divide 854933603?
False
Does 5565 divide 433871224?
False
Does 7 divide 103726588?
True
Does 463 divide 88574215?
True
Does 172 divide 444657751?
False
Does 22 divide 62143496?
False
Is 1503372692 a multiple of 7387?
True
Is 2 a factor of 13785680?
True
Does 293 divide 59713986?
True
Is 348 a factor of 124113156?
True
Is 820 a factor of 121829040?
True
Does 7 divide 411724118?
False
Is 2626552607 a multiple of 145?
False
Does 58 divide 48640048?
False
Does 125 divide 13732000?
True
Does 377 divide 558945956?
False
Does 2683 divide 1748661348?
True
Is 64229220 a multiple of 1452?
True
Is 1142 a factor of 2749936?
True
Is 651 a factor of 29709687?
True
Is 9 a factor of 289877859?
True
Does 19 divide 32466877?
True
Does 5 divide 697665565?
True
Is 223898241 a multiple of 203?
True
Is 50358397 a multiple of 2015?
False
Does 5 divide 3475986?
False
Is 175 a factor of 15684914?
False
Does 8 divide 67831269?
False
Does 8 divide 101639310?
False
Does 2036 divide 6008290?
False
Is 11152031 a multiple of 413?
False
Is 19 a factor of 929781433?
False
Is 217804305 a multiple of 16?
False
Is 74539309 a multiple of 13?
True
Is 5 a factor of 1222952008?
False
Is 743 a factor of 1555307783?
True
Is 13 a factor of 646476058?
False
Is 3 a factor of 6278717?
False
Is 4644534 a multiple of 1491?
False
Is 76 a factor of 36887268?
False
Is 1677 a factor of 258259677?
True
Does 26 divide 62418630?
False
Is 15 a factor of 22492635?
True
Is 5001856 a multiple of 736?
True
Is 2437 a factor of 91542955?
False
Does 21 divide 2009204?
False
Does 17 divide 486877660?
False
Is 135195564 a multiple of 28?
True
Does 1405 divide 831354836?
False
Is 503 a factor of 3695383561?
True
Is 18104120 a multiple of 10?
True
Is 1001 a factor of 240809569?
True
Is 185 a factor of 79543155?
True
Is 1326472 a multiple of 394?
False
Does 4413 divide 1386276147?
False
Does 4 divide 8435243?
False
Does 7 divide 210205807?
True
Is 1297516627 a multiple of 321?
False
Is 1207 a factor of 302544206?
True
Is 17396058 a multiple of 4?
False
Is 151 a factor of 158552265?
True
Is 18 a factor of 6641749116?
True
Does 1990 divide 6787890?
True
Does 5673 divide 3555552750?
True
Does 342 divide 1186278377?
False
Is 44 a factor of 1108294792?
True
Is 225 a factor of 1872273825?
True
Is 2231 a factor of 2774911065?
False
Is 104711760 a multiple of 15?
True
Is 6 a factor of 2451883?
False
Is 236495831 a multiple of 19?
True
Is 6 a factor of 175418889?
False
Is 4776 a factor of 612942288?
True
Is 66 a factor of 21140856?
True
Does 122 divide 4099979458?
True
Does 1152 divide 482705280?
True
Is 1004315645 a multiple of 859?
False
Is 41790186 a multiple of 9?
True
Is 970355308 a multiple of 442?
True
Is 26104275 a multiple of 243?
True
Is 3884 a factor of 3860626088?
True
Is 15079030 a multiple of 9?
False
Is 131 a factor of 390640649?
False
Is 60 a factor of 14530935?
False
Does 1565 divide 49464955?
True
Is 2450 a factor of 798060550?
True
Does 7197 divide 484422873?
True
Is 5931118870 a multiple of 66?
False
Is 210 a factor of 36533108?
False
Does 339 divide 6721147932?
False
Is 901546 a multiple of 13?
False
Is 1134638576 a multiple of 92?
True
Is 230488076 a multiple of 14?
True
Is 11873914 a multiple of 20?
False
Is 160667952 a multiple of 4?
True
Does 9 divide 1254945325?
False
Is 13978236 a multiple of 31?
False
Is 2682 a factor of 768097980?
True
Does 204 divide 83654892?
True
Does 13662 divide 1305076212?
True
Does 24 divide 5768890762?
False
Is 16863113 a multiple of 34?
False
Does 998 divide 3128231000?
True
Does 1417 divide 229949343?
True
Is 92 a factor of 1793816?
True
Does 3034 divide 556411328?
True
Does 666 divide 1551083364?
True
Is 21105908 a multiple of 68?
True
Is 877619896 a multiple of 92?
False
Is 522900224 a multiple of 56?
True
Is 83 a factor of 280085326?
True
Does 16 divide 13517639?
False
Does 6468 divide 3282689651?
False
Is 1838 a factor of 4300881402?
True
Is 107244225 a multiple of 96?
False
Is 75 a factor of 21986550?
True
Is 7355736 a multiple of 2888?
True
Is 538 a factor of 184812978?
False
Is 39 a factor of 47261009?
False
Is 9006592 a multiple of 16?
True
Does 324 divide 73438679?
False
Is 1409 a factor of 450582701?
True
Does 1911 divide 1137698562?
True
Is 37194951 a multiple of 3?
True
Is 40883373 a multiple of 47?
True
Is 334 a factor of 139398835?
False
Is 3406 a factor of 142851046?
True
Is 1255 a factor of 318555435?
False
Is 106658541 a multiple of 1077?
True
Does 4356 divide 1428001344?
True
Is 36 a factor of 106770851?
False
Does 55 divide 29291401?
False
Does 468 divide 83252988?
True
Is 6135055 a multiple of 31?
True
Is 204536608 a multiple of 46?
True
Is 13 a factor of 2027523402?
False
Is 253704066 a multiple of 98?
True
Is 482 a factor of 1671718?
False
Is 1053276 a multiple of 71?
False
Is 1248 a factor of 8775936?
True
Is 1137 a factor of 526803936?
True
Is 31 a factor of 4969298?
False
Is 86 a factor of 20713960?
True
Does 5 divide 1131824?
False
Is 10 a factor of 1808710?
True
Is 297 a factor of 11984247?
True
Does 54 divide 28999188?
True
Is 352 a factor of 60025318?
False
Is 2070385752 a multiple of 264?
False
Is 206194365 a multiple of 9?
True
Is 96603175 a multiple of 4?
False
Is 318 a factor of 50496186?
False
Does 42 divide 38174892?
True
Is 91 a factor of 436199224?
False
Is